{"id":517,"date":"2016-08-02T17:34:49","date_gmt":"2016-08-02T17:34:49","guid":{"rendered":"http:\/\/valkiriaseventos.com.ar\/valkirias-shows\/?page_id=517"},"modified":"2026-03-02T02:10:57","modified_gmt":"2026-03-02T02:10:57","slug":"jazz-bossa-nova","status":"publish","type":"page","link":"https:\/\/valkiriaseventos.com.ar\/valkirias-shows\/jazz-bossa-nova\/","title":{"rendered":"Bossa Nova &#8211; Jazz"},"content":{"rendered":"<section class=\"hcode-row-1\"><div class=\"wpb_column hcode-column-container vc_col-sm-12 col-xs-mobile-fullwidth\" data-front-class=\"col-xs-mobile-fullwidth\"><div class=\"vc-column-innner-wrapper\"><div  class=\"work-3col gutter work-with-title \"><div class=\"col-md-12  grid-gallery overflow-hidden  content-section\"><div class=\"tab-content portfolio-infinite-scroll-pagination\"><ul class=\"grid masonry-items masonry-portfolio-grid   hcode-portfolio-1\" data-portfolio=\"\" data-uniqueid=\"hcode-portfolio-1\"><li class=\"portfolio-filter-13 \"><figure><div class=\"gallery-img\"><a href=\"https:\/\/valkiriaseventos.com.ar\/valkirias-shows\/show\/juliayjulia\/\"><img loading=\"lazy\" decoding=\"async\" width=\"825\" height=\"510\" src=\"https:\/\/valkiriaseventos.com.ar\/valkirias-shows\/wp-content\/uploads\/2025\/12\/jazzjuliayjulia-825x510.png\" class=\"hcode-portfolio-img wp-post-image\" alt=\"\" srcset=\"https:\/\/valkiriaseventos.com.ar\/valkirias-shows\/wp-content\/uploads\/2025\/12\/jazzjuliayjulia-825x510.png 825w, https:\/\/valkiriaseventos.com.ar\/valkirias-shows\/wp-content\/uploads\/2025\/12\/jazzjuliayjulia-133x83.png 133w\" sizes=\"auto, (max-width: 825px) 100vw, 825px\" \/><\/a><\/div><figcaption><h3 class=\"\"><a href=\"https:\/\/valkiriaseventos.com.ar\/valkirias-shows\/show\/juliayjulia\/\">Julia y Julia<\/a><\/h3><p class=\"\">[ VER M\u00c1S ]<\/p><\/figcaption><\/figure><\/li><li class=\"portfolio-filter-13 \"><figure><div class=\"gallery-img\"><a href=\"https:\/\/valkiriaseventos.com.ar\/valkirias-shows\/show\/blue-moon\/\"><img loading=\"lazy\" decoding=\"async\" width=\"825\" height=\"510\" src=\"https:\/\/valkiriaseventos.com.ar\/valkirias-shows\/wp-content\/uploads\/2024\/01\/valkirias-shows-blue-moonMODIFICADA-825x510.jpg\" class=\"hcode-portfolio-img wp-post-image\" alt=\"\" srcset=\"https:\/\/valkiriaseventos.com.ar\/valkirias-shows\/wp-content\/uploads\/2024\/01\/valkirias-shows-blue-moonMODIFICADA-825x510.jpg 825w, https:\/\/valkiriaseventos.com.ar\/valkirias-shows\/wp-content\/uploads\/2024\/01\/valkirias-shows-blue-moonMODIFICADA-133x83.jpg 133w\" sizes=\"auto, (max-width: 825px) 100vw, 825px\" \/><\/a><\/div><figcaption><h3 class=\"\"><a href=\"https:\/\/valkiriaseventos.com.ar\/valkirias-shows\/show\/blue-moon\/\">BLUE MOON<\/a><\/h3><p class=\"\">[ VER M\u00c1S ]<\/p><\/figcaption><\/figure><\/li><li class=\"portfolio-filter-13 \"><figure><div class=\"gallery-img\"><a href=\"https:\/\/valkiriaseventos.com.ar\/valkirias-shows\/show\/soul-good\/\"><img loading=\"lazy\" decoding=\"async\" width=\"825\" height=\"510\" src=\"https:\/\/valkiriaseventos.com.ar\/valkirias-shows\/wp-content\/uploads\/2024\/01\/VALKIRIAS-SHOWS-SOUL-GOODMODIFICADA-825x510.jpg\" class=\"hcode-portfolio-img wp-post-image\" alt=\"\" srcset=\"https:\/\/valkiriaseventos.com.ar\/valkirias-shows\/wp-content\/uploads\/2024\/01\/VALKIRIAS-SHOWS-SOUL-GOODMODIFICADA-825x510.jpg 825w, https:\/\/valkiriaseventos.com.ar\/valkirias-shows\/wp-content\/uploads\/2024\/01\/VALKIRIAS-SHOWS-SOUL-GOODMODIFICADA-133x83.jpg 133w\" sizes=\"auto, (max-width: 825px) 100vw, 825px\" \/><\/a><\/div><figcaption><h3 class=\"\"><a href=\"https:\/\/valkiriaseventos.com.ar\/valkirias-shows\/show\/soul-good\/\">SOUL GOOD<\/a><\/h3><p class=\"\">[ VER M\u00c1S ]<\/p><\/figcaption><\/figure><\/li><li class=\"portfolio-filter-13 \"><figure><div class=\"gallery-img\"><a href=\"https:\/\/valkiriaseventos.com.ar\/valkirias-shows\/show\/appetizers\/\"><img loading=\"lazy\" decoding=\"async\" width=\"825\" height=\"510\" src=\"https:\/\/valkiriaseventos.com.ar\/valkirias-shows\/wp-content\/uploads\/2024\/01\/VALKIRIASAPPETIZER003MODIFICADA-825x510.jpg\" class=\"hcode-portfolio-img wp-post-image\" alt=\"\" srcset=\"https:\/\/valkiriaseventos.com.ar\/valkirias-shows\/wp-content\/uploads\/2024\/01\/VALKIRIASAPPETIZER003MODIFICADA-825x510.jpg 825w, https:\/\/valkiriaseventos.com.ar\/valkirias-shows\/wp-content\/uploads\/2024\/01\/VALKIRIASAPPETIZER003MODIFICADA-133x83.jpg 133w\" sizes=\"auto, (max-width: 825px) 100vw, 825px\" \/><\/a><\/div><figcaption><h3 class=\"\"><a href=\"https:\/\/valkiriaseventos.com.ar\/valkirias-shows\/show\/appetizers\/\">APPETIZERS<\/a><\/h3><p class=\"\">[ VER M\u00c1S ]<\/p><\/figcaption><\/figure><\/li><li class=\"portfolio-filter-13 \"><figure><div class=\"gallery-img\"><a href=\"https:\/\/valkiriaseventos.com.ar\/valkirias-shows\/show\/le-bourbon\/\"><img loading=\"lazy\" decoding=\"async\" width=\"825\" height=\"510\" src=\"https:\/\/valkiriaseventos.com.ar\/valkirias-shows\/wp-content\/uploads\/2020\/03\/le-bourbonl-valkirias-shows4MODIFICADA-825x510.jpg\" class=\"hcode-portfolio-img wp-post-image\" alt=\"\" srcset=\"https:\/\/valkiriaseventos.com.ar\/valkirias-shows\/wp-content\/uploads\/2020\/03\/le-bourbonl-valkirias-shows4MODIFICADA-825x510.jpg 825w, https:\/\/valkiriaseventos.com.ar\/valkirias-shows\/wp-content\/uploads\/2020\/03\/le-bourbonl-valkirias-shows4MODIFICADA-133x83.jpg 133w\" sizes=\"auto, (max-width: 825px) 100vw, 825px\" \/><\/a><\/div><figcaption><h3 class=\"\"><a href=\"https:\/\/valkiriaseventos.com.ar\/valkirias-shows\/show\/le-bourbon\/\">LE BOURBON<\/a><\/h3><p class=\"\">[ VER M\u00c1S ]<\/p><\/figcaption><\/figure><\/li><li class=\"portfolio-filter-13 \"><figure><div class=\"gallery-img\"><a href=\"https:\/\/valkiriaseventos.com.ar\/valkirias-shows\/show\/le-jazz\/\"><img loading=\"lazy\" decoding=\"async\" width=\"825\" height=\"510\" src=\"https:\/\/valkiriaseventos.com.ar\/valkirias-shows\/wp-content\/uploads\/2018\/11\/le-jazz-valkirias-shows-3MODIFICADA-825x510.jpg\" class=\"hcode-portfolio-img wp-post-image\" alt=\"\" srcset=\"https:\/\/valkiriaseventos.com.ar\/valkirias-shows\/wp-content\/uploads\/2018\/11\/le-jazz-valkirias-shows-3MODIFICADA-825x510.jpg 825w, https:\/\/valkiriaseventos.com.ar\/valkirias-shows\/wp-content\/uploads\/2018\/11\/le-jazz-valkirias-shows-3MODIFICADA-133x83.jpg 133w\" sizes=\"auto, (max-width: 825px) 100vw, 825px\" \/><\/a><\/div><figcaption><h3 class=\"\"><a href=\"https:\/\/valkiriaseventos.com.ar\/valkirias-shows\/show\/le-jazz\/\">LE JAZZ<\/a><\/h3><p class=\"\">[ VER M\u00c1S ]<\/p><\/figcaption><\/figure><\/li><li class=\"portfolio-filter-13 \"><figure><div class=\"gallery-img\"><a href=\"https:\/\/valkiriaseventos.com.ar\/valkirias-shows\/show\/quinteto-de-gyspy\/\"><img loading=\"lazy\" decoding=\"async\" width=\"825\" height=\"510\" src=\"https:\/\/valkiriaseventos.com.ar\/valkirias-shows\/wp-content\/uploads\/2017\/05\/gypsy-valkirias-shows-0MODIFICADA-825x510.jpg\" class=\"hcode-portfolio-img wp-post-image\" alt=\"\" srcset=\"https:\/\/valkiriaseventos.com.ar\/valkirias-shows\/wp-content\/uploads\/2017\/05\/gypsy-valkirias-shows-0MODIFICADA-825x510.jpg 825w, https:\/\/valkiriaseventos.com.ar\/valkirias-shows\/wp-content\/uploads\/2017\/05\/gypsy-valkirias-shows-0MODIFICADA-133x83.jpg 133w\" sizes=\"auto, (max-width: 825px) 100vw, 825px\" \/><\/a><\/div><figcaption><h3 class=\"\"><a href=\"https:\/\/valkiriaseventos.com.ar\/valkirias-shows\/show\/quinteto-de-gyspy\/\">QUINTETO DE GYPSY<\/a><\/h3><p class=\"\">[ VER M\u00c1S ]<\/p><\/figcaption><\/figure><\/li><li class=\"portfolio-filter-13 \"><figure><div class=\"gallery-img\"><a href=\"https:\/\/valkiriaseventos.com.ar\/valkirias-shows\/show\/big-band\/\"><img loading=\"lazy\" decoding=\"async\" width=\"825\" height=\"510\" src=\"https:\/\/valkiriaseventos.com.ar\/valkirias-shows\/wp-content\/uploads\/2017\/05\/big-band-valkirias-shows2-825x510.jpg\" class=\"hcode-portfolio-img wp-post-image\" alt=\"\" srcset=\"https:\/\/valkiriaseventos.com.ar\/valkirias-shows\/wp-content\/uploads\/2017\/05\/big-band-valkirias-shows2-825x510.jpg 825w, https:\/\/valkiriaseventos.com.ar\/valkirias-shows\/wp-content\/uploads\/2017\/05\/big-band-valkirias-shows2-133x83.jpg 133w\" sizes=\"auto, (max-width: 825px) 100vw, 825px\" \/><\/a><\/div><figcaption><h3 class=\"\"><a href=\"https:\/\/valkiriaseventos.com.ar\/valkirias-shows\/show\/big-band\/\">BIG BAND<\/a><\/h3><p class=\"\">[ VER M\u00c1S ]<\/p><\/figcaption><\/figure><\/li><li class=\"portfolio-filter-13 \"><figure><div class=\"gallery-img\"><a href=\"https:\/\/valkiriaseventos.com.ar\/valkirias-shows\/show\/cuarteto-de-jazz-y-bossa\/\"><img loading=\"lazy\" decoding=\"async\" width=\"825\" height=\"510\" src=\"https:\/\/valkiriaseventos.com.ar\/valkirias-shows\/wp-content\/uploads\/2017\/05\/cuarteto-de-jazz-valkirias-shows-0MODIFICADA-825x510.jpg\" class=\"hcode-portfolio-img wp-post-image\" alt=\"\" srcset=\"https:\/\/valkiriaseventos.com.ar\/valkirias-shows\/wp-content\/uploads\/2017\/05\/cuarteto-de-jazz-valkirias-shows-0MODIFICADA-825x510.jpg 825w, https:\/\/valkiriaseventos.com.ar\/valkirias-shows\/wp-content\/uploads\/2017\/05\/cuarteto-de-jazz-valkirias-shows-0MODIFICADA-133x83.jpg 133w\" sizes=\"auto, (max-width: 825px) 100vw, 825px\" \/><\/a><\/div><figcaption><h3 class=\"\"><a href=\"https:\/\/valkiriaseventos.com.ar\/valkirias-shows\/show\/cuarteto-de-jazz-y-bossa\/\">CUARTETO DE JAZZ Y BOSSA<\/a><\/h3><p class=\"\">[ VER M\u00c1S ]<\/p><\/figcaption><\/figure><\/li><li class=\"portfolio-filter-13 \"><figure><div class=\"gallery-img\"><a href=\"https:\/\/valkiriaseventos.com.ar\/valkirias-shows\/show\/lupe-y-sus-amores\/\"><img loading=\"lazy\" decoding=\"async\" width=\"825\" height=\"510\" src=\"https:\/\/valkiriaseventos.com.ar\/valkirias-shows\/wp-content\/uploads\/2016\/08\/lupe-y-sus-amores-valkirias-eventos-shows-2MODIFICADA-825x510.jpg\" class=\"hcode-portfolio-img wp-post-image\" alt=\"\" srcset=\"https:\/\/valkiriaseventos.com.ar\/valkirias-shows\/wp-content\/uploads\/2016\/08\/lupe-y-sus-amores-valkirias-eventos-shows-2MODIFICADA-825x510.jpg 825w, https:\/\/valkiriaseventos.com.ar\/valkirias-shows\/wp-content\/uploads\/2016\/08\/lupe-y-sus-amores-valkirias-eventos-shows-2MODIFICADA-133x83.jpg 133w\" sizes=\"auto, (max-width: 825px) 100vw, 825px\" \/><\/a><\/div><figcaption><h3 class=\"\"><a href=\"https:\/\/valkiriaseventos.com.ar\/valkirias-shows\/show\/lupe-y-sus-amores\/\">LUPE y sus Amores<\/a><\/h3><p class=\"\">[ VER M\u00c1S ]<\/p><\/figcaption><\/figure><\/li><li class=\"portfolio-filter-13 \"><figure><div class=\"gallery-img\"><a href=\"https:\/\/valkiriaseventos.com.ar\/valkirias-shows\/show\/jazzy-fever-by-valkirias\/\"><img loading=\"lazy\" decoding=\"async\" width=\"825\" height=\"510\" src=\"https:\/\/valkiriaseventos.com.ar\/valkirias-shows\/wp-content\/uploads\/2016\/08\/jazzy-fever-valkirias-eventos-shows3-825x510.jpg\" class=\"hcode-portfolio-img wp-post-image\" alt=\"\" srcset=\"https:\/\/valkiriaseventos.com.ar\/valkirias-shows\/wp-content\/uploads\/2016\/08\/jazzy-fever-valkirias-eventos-shows3-825x510.jpg 825w, https:\/\/valkiriaseventos.com.ar\/valkirias-shows\/wp-content\/uploads\/2016\/08\/jazzy-fever-valkirias-eventos-shows3-133x83.jpg 133w\" sizes=\"auto, (max-width: 825px) 100vw, 825px\" \/><\/a><\/div><figcaption><h3 class=\"\"><a href=\"https:\/\/valkiriaseventos.com.ar\/valkirias-shows\/show\/jazzy-fever-by-valkirias\/\">JAZZY FEVER By Valkirias<\/a><\/h3><p class=\"\">[ VER M\u00c1S ]<\/p><\/figcaption><\/figure><\/li><li class=\"portfolio-filter-13 \"><figure><div class=\"gallery-img\"><a href=\"https:\/\/valkiriaseventos.com.ar\/valkirias-shows\/show\/doble-bossa\/\"><img loading=\"lazy\" decoding=\"async\" width=\"825\" height=\"510\" src=\"https:\/\/valkiriaseventos.com.ar\/valkirias-shows\/wp-content\/uploads\/2016\/08\/doble-bossa-valkirias-eventos-shows-3MODIFICADA-825x510.jpg\" class=\"hcode-portfolio-img wp-post-image\" alt=\"\" srcset=\"https:\/\/valkiriaseventos.com.ar\/valkirias-shows\/wp-content\/uploads\/2016\/08\/doble-bossa-valkirias-eventos-shows-3MODIFICADA-825x510.jpg 825w, https:\/\/valkiriaseventos.com.ar\/valkirias-shows\/wp-content\/uploads\/2016\/08\/doble-bossa-valkirias-eventos-shows-3MODIFICADA-133x83.jpg 133w\" sizes=\"auto, (max-width: 825px) 100vw, 825px\" \/><\/a><\/div><figcaption><h3 class=\"\"><a href=\"https:\/\/valkiriaseventos.com.ar\/valkirias-shows\/show\/doble-bossa\/\">DOBLE BOSSA<\/a><\/h3><p class=\"\">[ VER M\u00c1S ]<\/p><\/figcaption><\/figure><\/li><li class=\"portfolio-filter-13 \"><figure><div class=\"gallery-img\"><a href=\"https:\/\/valkiriaseventos.com.ar\/valkirias-shows\/show\/dixieland-jazz\/\"><img loading=\"lazy\" decoding=\"async\" width=\"825\" height=\"510\" src=\"https:\/\/valkiriaseventos.com.ar\/valkirias-shows\/wp-content\/uploads\/2016\/08\/dixieland-jazz-valkirias-eventos-shows2MODIFICADA-825x510.jpg\" class=\"hcode-portfolio-img wp-post-image\" alt=\"\" srcset=\"https:\/\/valkiriaseventos.com.ar\/valkirias-shows\/wp-content\/uploads\/2016\/08\/dixieland-jazz-valkirias-eventos-shows2MODIFICADA-825x510.jpg 825w, https:\/\/valkiriaseventos.com.ar\/valkirias-shows\/wp-content\/uploads\/2016\/08\/dixieland-jazz-valkirias-eventos-shows2MODIFICADA-133x83.jpg 133w\" sizes=\"auto, (max-width: 825px) 100vw, 825px\" \/><\/a><\/div><figcaption><h3 class=\"\"><a href=\"https:\/\/valkiriaseventos.com.ar\/valkirias-shows\/show\/dixieland-jazz\/\">DIXIELAND JAZZ<\/a><\/h3><p class=\"\">[ VER M\u00c1S ]<\/p><\/figcaption><\/figure><\/li><li class=\"portfolio-filter-13 \"><figure><div class=\"gallery-img\"><a href=\"https:\/\/valkiriaseventos.com.ar\/valkirias-shows\/show\/beto-caletti\/\"><img loading=\"lazy\" decoding=\"async\" width=\"825\" height=\"510\" src=\"https:\/\/valkiriaseventos.com.ar\/valkirias-shows\/wp-content\/uploads\/2016\/08\/beto-caletti-valkirias-eventos-shows2-825x510.jpg\" class=\"hcode-portfolio-img wp-post-image\" alt=\"\" srcset=\"https:\/\/valkiriaseventos.com.ar\/valkirias-shows\/wp-content\/uploads\/2016\/08\/beto-caletti-valkirias-eventos-shows2-825x510.jpg 825w, https:\/\/valkiriaseventos.com.ar\/valkirias-shows\/wp-content\/uploads\/2016\/08\/beto-caletti-valkirias-eventos-shows2-133x83.jpg 133w\" sizes=\"auto, (max-width: 825px) 100vw, 825px\" \/><\/a><\/div><figcaption><h3 class=\"\"><a href=\"https:\/\/valkiriaseventos.com.ar\/valkirias-shows\/show\/beto-caletti\/\">BETO CALETTI<\/a><\/h3><p class=\"\">[ VER M\u00c1S ]<\/p><\/figcaption><\/figure><\/li><\/ul><\/div><\/div><\/div><\/div><\/div><\/section>\n","protected":false},"excerpt":{"rendered":"<p>El famoso cantante, interpreta m\u00fasica popular brasilera, desde el samba tradicional y el chorinho hasta la bossa nova y el samba-funk. El repertorio es muy amplio y abarca canciones de Jobim, Vinicius, Jo\u00e3o Gilberto, Chico Buarque, Dorival Caymmi, etc. Su repertorio incluye, adem\u00e1s de los temas propios, canciones de muchos compositores de la m\u00fasica popular [&hellip;]<\/p>\n","protected":false},"author":3,"featured_media":0,"parent":0,"menu_order":0,"comment_status":"closed","ping_status":"closed","template":"","meta":{"footnotes":""},"class_list":["post-517","page","type-page","status-publish","hentry"],"aioseo_notices":[],"_links":{"self":[{"href":"https:\/\/valkiriaseventos.com.ar\/valkirias-shows\/wp-json\/wp\/v2\/pages\/517","targetHints":{"allow":["GET"]}}],"collection":[{"href":"https:\/\/valkiriaseventos.com.ar\/valkirias-shows\/wp-json\/wp\/v2\/pages"}],"about":[{"href":"https:\/\/valkiriaseventos.com.ar\/valkirias-shows\/wp-json\/wp\/v2\/types\/page"}],"author":[{"embeddable":true,"href":"https:\/\/valkiriaseventos.com.ar\/valkirias-shows\/wp-json\/wp\/v2\/users\/3"}],"replies":[{"embeddable":true,"href":"https:\/\/valkiriaseventos.com.ar\/valkirias-shows\/wp-json\/wp\/v2\/comments?post=517"}],"version-history":[{"count":10,"href":"https:\/\/valkiriaseventos.com.ar\/valkirias-shows\/wp-json\/wp\/v2\/pages\/517\/revisions"}],"predecessor-version":[{"id":4110,"href":"https:\/\/valkiriaseventos.com.ar\/valkirias-shows\/wp-json\/wp\/v2\/pages\/517\/revisions\/4110"}],"wp:attachment":[{"href":"https:\/\/valkiriaseventos.com.ar\/valkirias-shows\/wp-json\/wp\/v2\/media?parent=517"}],"curies":[{"name":"wp","href":"https:\/\/api.w.org\/{rel}","templated":true}]}}